{"id":458,"date":"2021-10-21T12:43:19","date_gmt":"2021-10-21T10:43:19","guid":{"rendered":"https:\/\/wordpress2143681.home.pl\/stronapsttsr\/?page_id=458"},"modified":"2026-03-19T16:21:42","modified_gmt":"2026-03-19T15:21:42","slug":"czlonkostwo","status":"publish","type":"page","link":"https:\/\/psttsr.pl\/?page_id=458","title":{"rendered":"CZ\u0141ONKOSTWO"},"content":{"rendered":"<h2>CZ\u0141ONKOSTWO<\/h2>\n<h3>Osoba, kt\u00f3ra chce do\u0142\u0105czy\u0107 do PSTTSR, powinna spe\u0142ni\u0107 nast\u0119puj\u0105ce warunki:<\/h3>\n<ul>\n<li>Mie\u0107 uko\u0144czony min. kurs podstawowy z zakresu PSR\/TSR w jednym z akredytowanych o\u015brodk\u00f3w szkoleniowych<\/li>\n<li>Zapozna\u0107 si\u0119 ze\u00a0<a href=\"https:\/\/www.psttsr.pl\/statut,43\">statutem<\/a>\u00a0Stowarzyszenia, szczeg\u00f3lnie z rozdzia\u0142em III (Cz\u0142onkowie \u2013 prawa i obowi\u0105zki)<\/li>\n<li>Z\u0142o\u017cy\u0107 wniosek o przyst\u0105pienie do Stowarzyszenia przez system SORGA<\/li>\n<\/ul>\n<p>\t\t\t<a href=\"https:\/\/psttsr.sorga.pl\/rekrutacja?r=Czlonkowie\" target=\"_blank\"><br \/>\n\t\t\t\t\t\tZ\u0142\u00f3\u017c wniosek o przyst\u0105pienie do Stowarzyszenia przez system SORGA<br \/>\n\t\t\t\t\t<\/a><\/p>\n<ul>\n<li>Przy wype\u0142nianiu powy\u017cszego formularza zostaniesz poproszona_y o:\n<ul>\n<li>podanie swoich danych osobowych, niezb\u0119dnych do rozpatrzenia wniosku o cz\u0142onkostwo,<\/li>\n<li>do\u0142\u0105czenie skanu za\u015bwiadcze\u0144 o uko\u0144czeniu kursu podstawowego i zaawansowanego (w przypadku uko\u0144czenia) w zakresie PSR\/TSR w jednym z akredytowanych o\u015brodk\u00f3w szkoleniowych PSTTSR (uko\u0144czenie akredytowanego kursu podstawowego w zakresie PSR\/TSR jest warunkiem niezb\u0119dnym, aby m\u00f3c ubiega\u0107 si\u0119 o cz\u0142onkostwo w Stowarzyszeniu),<\/li>\n<li>wskazanie adres\u00f3w mailowych cz\u0142onki\u0144_\u00f3w PSTTSR, kt\u00f3re wyrazi\u0142y wcze\u015bniej zgod\u0119 na udzielenie Ci rekomendacji do do\u0142\u0105czenia do Stowarzyszenia. Osoby, te zostan\u0105 powiadomione o z\u0142o\u017ceniu przez Ciebie wniosku i w\u00f3wczas b\u0119d\u0105 musia\u0142y potwierdzi\u0107 udzielenie swojej rekomendacji.<\/li>\n<\/ul>\n<\/li>\n<\/ul>\n<p>Zgodnie ze Statutem PSTTSR Zarz\u0105d rozpatruje deklaracj\u0119 w przeci\u0105gu trzech miesi\u0119cy od zg\u0142oszenia.&nbsp;<strong>PO OTRZYMANIU DECYZJI<\/strong>&nbsp;o w\u0142\u0105czeniu w poczet cz\u0142onki\u0144 i cz\u0142onk\u00f3w PSTTSR, osoba zobowi\u0105zana jest op\u0142aci\u0107 roczn\u0105 sk\u0142adk\u0119 cz\u0142onkowsk\u0105 w wysoko\u015bci 200z\u0142 (szczeg\u00f3\u0142y na temat p\u0142atno\u015bci znajdziesz w zak\u0142adce &#8222;SK\u0141ADKI CZ\u0141ONKOWSKIE&#8221;).<\/p>\n<p>W razie jakichkolwiek pyta\u0144 prosimy o kontakt mailowy <a href=\"mailto:stowarzyszenie@psttsr.pl\">stowarzyszenie@psttsr.pl<\/a>&nbsp;<\/p>\n<p>\t\t\t\t<a href=\"https:\/\/psttsr.pl\/?page_id=156\" tabindex=\"-1\"><br \/>\n\t\t\t\t\t\t\t\t<\/a><\/p>\n<h3>\n\t\t\t\t\t<a href=\"https:\/\/psttsr.pl\/?page_id=156\" ><br \/>\n\t\t\t\t\t\tZapoznaj si\u0119 ze statutem\t\t\t\t\t<\/a><br \/>\n\t\t\t\t<\/h3>\n","protected":false},"excerpt":{"rendered":"<p>CZ\u0141ONKOSTWO Osoba, kt\u00f3ra chce do\u0142\u0105czy\u0107 do PSTTSR, powinna spe\u0142ni\u0107 nast\u0119puj\u0105ce warunki: Mie\u0107 uko\u0144czony min. kurs podstawowy z zakresu PSR\/TSR w jednym z akredytowanych o\u015brodk\u00f3w szkoleniowych Zapozna\u0107 si\u0119 ze\u00a0statutem\u00a0Stowarzyszenia, szczeg\u00f3lnie z rozdzia\u0142em III (Cz\u0142onkowie \u2013 prawa i obowi\u0105zki) Z\u0142o\u017cy\u0107 wniosek o przyst\u0105pienie do Stowarzyszenia przez system SORGA Z\u0142\u00f3\u017c wniosek o przyst\u0105pienie do Stowarzyszenia przez system SORGA [&hellip;]<\/p>\n","protected":false},"author":1,"featured_media":0,"parent":0,"menu_order":0,"comment_status":"closed","ping_status":"closed","template":"","meta":{"ocean_post_layout":"full-screen","ocean_both_sidebars_style":"","ocean_both_sidebars_content_width":0,"ocean_both_sidebars_sidebars_width":0,"ocean_sidebar":"0","ocean_second_sidebar":"0","ocean_disable_margins":"enable","ocean_add_body_class":"","ocean_shortcode_before_top_bar":"","ocean_shortcode_after_top_bar":"","ocean_shortcode_before_header":"","ocean_shortcode_after_header":"","ocean_has_shortcode":"","ocean_shortcode_after_title":"","ocean_shortcode_before_footer_widgets":"","ocean_shortcode_after_footer_widgets":"","ocean_shortcode_before_footer_bottom":"","ocean_shortcode_after_footer_bottom":"","ocean_display_top_bar":"off","ocean_display_header":"on","ocean_header_style":"","ocean_center_header_left_menu":"0","ocean_custom_header_template":"0","ocean_custom_logo":0,"ocean_custom_retina_logo":0,"ocean_custom_logo_max_width":0,"ocean_custom_logo_tablet_max_width":0,"ocean_custom_logo_mobile_max_width":0,"ocean_custom_logo_max_height":0,"ocean_custom_logo_tablet_max_height":0,"ocean_custom_logo_mobile_max_height":0,"ocean_header_custom_menu":"0","ocean_menu_typo_font_family":"0","ocean_menu_typo_font_subset":"","ocean_menu_typo_font_size":0,"ocean_menu_typo_font_size_tablet":0,"ocean_menu_typo_font_size_mobile":0,"ocean_menu_typo_font_size_unit":"px","ocean_menu_typo_font_weight":"","ocean_menu_typo_font_weight_tablet":"","ocean_menu_typo_font_weight_mobile":"","ocean_menu_typo_transform":"","ocean_menu_typo_transform_tablet":"","ocean_menu_typo_transform_mobile":"","ocean_menu_typo_line_height":0,"ocean_menu_typo_line_height_tablet":0,"ocean_menu_typo_line_height_mobile":0,"ocean_menu_typo_line_height_unit":"","ocean_menu_typo_spacing":0,"ocean_menu_typo_spacing_tablet":0,"ocean_menu_typo_spacing_mobile":0,"ocean_menu_typo_spacing_unit":"","ocean_menu_link_color":"","ocean_menu_link_color_hover":"","ocean_menu_link_color_active":"","ocean_menu_link_background":"","ocean_menu_link_hover_background":"","ocean_menu_link_active_background":"","ocean_menu_social_links_bg":"","ocean_menu_social_hover_links_bg":"","ocean_menu_social_links_color":"","ocean_menu_social_hover_links_color":"","ocean_disable_title":"on","ocean_disable_heading":"default","ocean_post_title":"","ocean_post_subheading":"","ocean_post_title_style":"","ocean_post_title_background_color":"","ocean_post_title_background":0,"ocean_post_title_bg_image_position":"","ocean_post_title_bg_image_attachment":"","ocean_post_title_bg_image_repeat":"","ocean_post_title_bg_image_size":"","ocean_post_title_height":0,"ocean_post_title_bg_overlay":0.5,"ocean_post_title_bg_overlay_color":"","ocean_disable_breadcrumbs":"default","ocean_breadcrumbs_color":"","ocean_breadcrumbs_separator_color":"","ocean_breadcrumbs_links_color":"","ocean_breadcrumbs_links_hover_color":"","ocean_display_footer_widgets":"default","ocean_display_footer_bottom":"default","ocean_custom_footer_template":"0","footnotes":""},"class_list":["post-458","page","type-page","status-publish","hentry","entry"],"yoast_head":"<!-- This site is optimized with the Yoast SEO plugin v26.7 - https:\/\/yoast.com\/wordpress\/plugins\/seo\/ -->\n<title>CZ\u0141ONKOSTWO - PSTTSR<\/title>\n<meta name=\"robots\" content=\"index, follow, max-snippet:-1, max-image-preview:large, max-video-preview:-1\" \/>\n<link rel=\"canonical\" href=\"https:\/\/psttsr.pl\/?page_id=458\" \/>\n<meta property=\"og:locale\" content=\"pl_PL\" \/>\n<meta property=\"og:type\" content=\"article\" \/>\n<meta property=\"og:title\" content=\"CZ\u0141ONKOSTWO - PSTTSR\" \/>\n<meta property=\"og:description\" content=\"CZ\u0141ONKOSTWO Osoba, kt\u00f3ra chce do\u0142\u0105czy\u0107 do PSTTSR, powinna spe\u0142ni\u0107 nast\u0119puj\u0105ce warunki: Mie\u0107 uko\u0144czony min. kurs podstawowy z zakresu PSR\/TSR w jednym z akredytowanych o\u015brodk\u00f3w szkoleniowych Zapozna\u0107 si\u0119 ze\u00a0statutem\u00a0Stowarzyszenia, szczeg\u00f3lnie z rozdzia\u0142em III (Cz\u0142onkowie \u2013 prawa i obowi\u0105zki) Z\u0142o\u017cy\u0107 wniosek o przyst\u0105pienie do Stowarzyszenia przez system SORGA Z\u0142\u00f3\u017c wniosek o przyst\u0105pienie do Stowarzyszenia przez system SORGA [&hellip;]\" \/>\n<meta property=\"og:url\" content=\"https:\/\/psttsr.pl\/?page_id=458\" \/>\n<meta property=\"og:site_name\" content=\"PSTTSR\" \/>\n<meta property=\"article:modified_time\" content=\"2026-03-19T15:21:42+00:00\" \/>\n<meta property=\"og:image\" content=\"https:\/\/psttsr.pl\/wp-content\/uploads\/2021\/12\/strona-glowna_Easy-Resize.com_.jpg\" \/>\n\t<meta property=\"og:image:width\" content=\"1280\" \/>\n\t<meta property=\"og:image:height\" content=\"631\" \/>\n\t<meta property=\"og:image:type\" content=\"image\/jpeg\" \/>\n<meta name=\"twitter:card\" content=\"summary_large_image\" \/>\n<meta name=\"twitter:label1\" content=\"Szacowany czas czytania\" \/>\n\t<meta name=\"twitter:data1\" content=\"2 minuty\" \/>\n<script type=\"application\/ld+json\" class=\"yoast-schema-graph\">{\"@context\":\"https:\/\/schema.org\",\"@graph\":[{\"@type\":\"WebPage\",\"@id\":\"https:\/\/psttsr.pl\/?page_id=458\",\"url\":\"https:\/\/psttsr.pl\/?page_id=458\",\"name\":\"CZ\u0141ONKOSTWO - PSTTSR\",\"isPartOf\":{\"@id\":\"https:\/\/psttsr.pl\/#website\"},\"datePublished\":\"2021-10-21T10:43:19+00:00\",\"dateModified\":\"2026-03-19T15:21:42+00:00\",\"breadcrumb\":{\"@id\":\"https:\/\/psttsr.pl\/?page_id=458#breadcrumb\"},\"inLanguage\":\"pl-PL\",\"potentialAction\":[{\"@type\":\"ReadAction\",\"target\":[\"https:\/\/psttsr.pl\/?page_id=458\"]}]},{\"@type\":\"BreadcrumbList\",\"@id\":\"https:\/\/psttsr.pl\/?page_id=458#breadcrumb\",\"itemListElement\":[{\"@type\":\"ListItem\",\"position\":1,\"name\":\"Strona g\u0142\u00f3wna\",\"item\":\"https:\/\/psttsr.pl\/\"},{\"@type\":\"ListItem\",\"position\":2,\"name\":\"CZ\u0141ONKOSTWO\"}]},{\"@type\":\"WebSite\",\"@id\":\"https:\/\/psttsr.pl\/#website\",\"url\":\"https:\/\/psttsr.pl\/\",\"name\":\"PSTTSR\",\"description\":\"Kolejna witryna oparta na WordPressie\",\"publisher\":{\"@id\":\"https:\/\/psttsr.pl\/#organization\"},\"potentialAction\":[{\"@type\":\"SearchAction\",\"target\":{\"@type\":\"EntryPoint\",\"urlTemplate\":\"https:\/\/psttsr.pl\/?s={search_term_string}\"},\"query-input\":{\"@type\":\"PropertyValueSpecification\",\"valueRequired\":true,\"valueName\":\"search_term_string\"}}],\"inLanguage\":\"pl-PL\"},{\"@type\":\"Organization\",\"@id\":\"https:\/\/psttsr.pl\/#organization\",\"name\":\"PSTTSR\",\"url\":\"https:\/\/psttsr.pl\/\",\"logo\":{\"@type\":\"ImageObject\",\"inLanguage\":\"pl-PL\",\"@id\":\"https:\/\/psttsr.pl\/#\/schema\/logo\/image\/\",\"url\":\"https:\/\/psttsr.pl\/wp-content\/uploads\/2021\/10\/cropped-logo.png\",\"contentUrl\":\"https:\/\/psttsr.pl\/wp-content\/uploads\/2021\/10\/cropped-logo.png\",\"width\":255,\"height\":137,\"caption\":\"PSTTSR\"},\"image\":{\"@id\":\"https:\/\/psttsr.pl\/#\/schema\/logo\/image\/\"}}]}<\/script>\n<!-- \/ Yoast SEO plugin. -->","yoast_head_json":{"title":"CZ\u0141ONKOSTWO - PSTTSR","robots":{"index":"index","follow":"follow","max-snippet":"max-snippet:-1","max-image-preview":"max-image-preview:large","max-video-preview":"max-video-preview:-1"},"canonical":"https:\/\/psttsr.pl\/?page_id=458","og_locale":"pl_PL","og_type":"article","og_title":"CZ\u0141ONKOSTWO - PSTTSR","og_description":"CZ\u0141ONKOSTWO Osoba, kt\u00f3ra chce do\u0142\u0105czy\u0107 do PSTTSR, powinna spe\u0142ni\u0107 nast\u0119puj\u0105ce warunki: Mie\u0107 uko\u0144czony min. kurs podstawowy z zakresu PSR\/TSR w jednym z akredytowanych o\u015brodk\u00f3w szkoleniowych Zapozna\u0107 si\u0119 ze\u00a0statutem\u00a0Stowarzyszenia, szczeg\u00f3lnie z rozdzia\u0142em III (Cz\u0142onkowie \u2013 prawa i obowi\u0105zki) Z\u0142o\u017cy\u0107 wniosek o przyst\u0105pienie do Stowarzyszenia przez system SORGA Z\u0142\u00f3\u017c wniosek o przyst\u0105pienie do Stowarzyszenia przez system SORGA [&hellip;]","og_url":"https:\/\/psttsr.pl\/?page_id=458","og_site_name":"PSTTSR","article_modified_time":"2026-03-19T15:21:42+00:00","og_image":[{"width":1280,"height":631,"url":"https:\/\/psttsr.pl\/wp-content\/uploads\/2021\/12\/strona-glowna_Easy-Resize.com_.jpg","type":"image\/jpeg"}],"twitter_card":"summary_large_image","twitter_misc":{"Szacowany czas czytania":"2 minuty"},"schema":{"@context":"https:\/\/schema.org","@graph":[{"@type":"WebPage","@id":"https:\/\/psttsr.pl\/?page_id=458","url":"https:\/\/psttsr.pl\/?page_id=458","name":"CZ\u0141ONKOSTWO - PSTTSR","isPartOf":{"@id":"https:\/\/psttsr.pl\/#website"},"datePublished":"2021-10-21T10:43:19+00:00","dateModified":"2026-03-19T15:21:42+00:00","breadcrumb":{"@id":"https:\/\/psttsr.pl\/?page_id=458#breadcrumb"},"inLanguage":"pl-PL","potentialAction":[{"@type":"ReadAction","target":["https:\/\/psttsr.pl\/?page_id=458"]}]},{"@type":"BreadcrumbList","@id":"https:\/\/psttsr.pl\/?page_id=458#breadcrumb","itemListElement":[{"@type":"ListItem","position":1,"name":"Strona g\u0142\u00f3wna","item":"https:\/\/psttsr.pl\/"},{"@type":"ListItem","position":2,"name":"CZ\u0141ONKOSTWO"}]},{"@type":"WebSite","@id":"https:\/\/psttsr.pl\/#website","url":"https:\/\/psttsr.pl\/","name":"PSTTSR","description":"Kolejna witryna oparta na WordPressie","publisher":{"@id":"https:\/\/psttsr.pl\/#organization"},"potentialAction":[{"@type":"SearchAction","target":{"@type":"EntryPoint","urlTemplate":"https:\/\/psttsr.pl\/?s={search_term_string}"},"query-input":{"@type":"PropertyValueSpecification","valueRequired":true,"valueName":"search_term_string"}}],"inLanguage":"pl-PL"},{"@type":"Organization","@id":"https:\/\/psttsr.pl\/#organization","name":"PSTTSR","url":"https:\/\/psttsr.pl\/","logo":{"@type":"ImageObject","inLanguage":"pl-PL","@id":"https:\/\/psttsr.pl\/#\/schema\/logo\/image\/","url":"https:\/\/psttsr.pl\/wp-content\/uploads\/2021\/10\/cropped-logo.png","contentUrl":"https:\/\/psttsr.pl\/wp-content\/uploads\/2021\/10\/cropped-logo.png","width":255,"height":137,"caption":"PSTTSR"},"image":{"@id":"https:\/\/psttsr.pl\/#\/schema\/logo\/image\/"}}]}},"_links":{"self":[{"href":"https:\/\/psttsr.pl\/index.php?rest_route=\/wp\/v2\/pages\/458","targetHints":{"allow":["GET"]}}],"collection":[{"href":"https:\/\/psttsr.pl\/index.php?rest_route=\/wp\/v2\/pages"}],"about":[{"href":"https:\/\/psttsr.pl\/index.php?rest_route=\/wp\/v2\/types\/page"}],"author":[{"embeddable":true,"href":"https:\/\/psttsr.pl\/index.php?rest_route=\/wp\/v2\/users\/1"}],"replies":[{"embeddable":true,"href":"https:\/\/psttsr.pl\/index.php?rest_route=%2Fwp%2Fv2%2Fcomments&post=458"}],"version-history":[{"count":3,"href":"https:\/\/psttsr.pl\/index.php?rest_route=\/wp\/v2\/pages\/458\/revisions"}],"predecessor-version":[{"id":6242,"href":"https:\/\/psttsr.pl\/index.php?rest_route=\/wp\/v2\/pages\/458\/revisions\/6242"}],"wp:attachment":[{"href":"https:\/\/psttsr.pl\/index.php?rest_route=%2Fwp%2Fv2%2Fmedia&parent=458"}],"curies":[{"name":"wp","href":"https:\/\/api.w.org\/{rel}","templated":true}]}}