{"id":1091,"date":"2021-10-29T00:10:50","date_gmt":"2021-10-28T22:10:50","guid":{"rendered":"http:\/\/wordpress2143681.home.pl\/stronapsttsr\/?page_id=1091"},"modified":"2025-02-27T08:35:13","modified_gmt":"2025-02-27T07:35:13","slug":"rada-naukowa","status":"publish","type":"page","link":"https:\/\/psttsr.pl\/?page_id=1091","title":{"rendered":"RADA NAUKOWA"},"content":{"rendered":"\t\t<div data-elementor-type=\"wp-page\" data-elementor-id=\"1091\" class=\"elementor elementor-1091\">\n\t\t\t\t\t\t<section class=\"elementor-section elementor-top-section elementor-element elementor-element-6fe5ae54 elementor-section-full_width elementor-section-height-min-height elementor-section-height-default elementor-section-items-middle\" data-id=\"6fe5ae54\" data-element_type=\"section\" data-settings=\"{&quot;background_background&quot;:&quot;classic&quot;,&quot;shape_divider_top&quot;:&quot;opacity-tilt&quot;,&quot;shape_divider_bottom&quot;:&quot;opacity-tilt&quot;}\">\n\t\t\t\t\t\t\t<div class=\"elementor-background-overlay\"><\/div>\n\t\t\t\t\t\t<div class=\"elementor-shape elementor-shape-top\" aria-hidden=\"true\" data-negative=\"false\">\n\t\t\t<svg xmlns=\"http:\/\/www.w3.org\/2000\/svg\" viewBox=\"0 0 2600 131.1\" preserveAspectRatio=\"none\">\n\t<path class=\"elementor-shape-fill\" d=\"M0 0L2600 0 2600 69.1 0 0z\"\/>\n\t<path class=\"elementor-shape-fill\" style=\"opacity:0.5\" d=\"M0 0L2600 0 2600 69.1 0 69.1z\"\/>\n\t<path class=\"elementor-shape-fill\" style=\"opacity:0.25\" d=\"M2600 0L0 0 0 130.1 2600 69.1z\"\/>\n<\/svg>\t\t<\/div>\n\t\t\t\t<div class=\"elementor-shape elementor-shape-bottom\" aria-hidden=\"true\" data-negative=\"false\">\n\t\t\t<svg xmlns=\"http:\/\/www.w3.org\/2000\/svg\" viewBox=\"0 0 2600 131.1\" preserveAspectRatio=\"none\">\n\t<path class=\"elementor-shape-fill\" d=\"M0 0L2600 0 2600 69.1 0 0z\"\/>\n\t<path class=\"elementor-shape-fill\" style=\"opacity:0.5\" d=\"M0 0L2600 0 2600 69.1 0 69.1z\"\/>\n\t<path class=\"elementor-shape-fill\" style=\"opacity:0.25\" d=\"M2600 0L0 0 0 130.1 2600 69.1z\"\/>\n<\/svg>\t\t<\/div>\n\t\t\t\t\t<div class=\"elementor-container elementor-column-gap-wide\">\n\t\t\t\t\t<div class=\"elementor-column elementor-col-100 elementor-top-column elementor-element elementor-element-3d4a30d7\" data-id=\"3d4a30d7\" data-element_type=\"column\">\n\t\t\t<div class=\"elementor-widget-wrap elementor-element-populated\">\n\t\t\t\t\t\t<div class=\"elementor-element elementor-element-306362e2 elementor-widget elementor-widget-heading\" data-id=\"306362e2\" data-element_type=\"widget\" data-widget_type=\"heading.default\">\n\t\t\t\t<div class=\"elementor-widget-container\">\n\t\t\t\t\t<h2 class=\"elementor-heading-title elementor-size-default\">RADA NAUKOWA<\/h2>\t\t\t\t<\/div>\n\t\t\t\t<\/div>\n\t\t\t\t\t<\/div>\n\t\t<\/div>\n\t\t\t\t\t<\/div>\n\t\t<\/section>\n\t\t\t\t<section class=\"elementor-section elementor-top-section elementor-element elementor-element-64de72bd elementor-section-full_width elementor-section-height-default elementor-section-height-default\" data-id=\"64de72bd\" data-element_type=\"section\" data-settings=\"{&quot;background_background&quot;:&quot;classic&quot;}\">\n\t\t\t\t\t\t<div class=\"elementor-container elementor-column-gap-wide\">\n\t\t\t\t\t<div class=\"elementor-column elementor-col-100 elementor-top-column elementor-element elementor-element-74865c9b\" data-id=\"74865c9b\" data-element_type=\"column\">\n\t\t\t<div class=\"elementor-widget-wrap elementor-element-populated\">\n\t\t\t\t\t\t<section class=\"elementor-section elementor-inner-section elementor-element elementor-element-6b32585a elementor-section-boxed elementor-section-height-default elementor-section-height-default\" data-id=\"6b32585a\" data-element_type=\"section\">\n\t\t\t\t\t\t<div class=\"elementor-container elementor-column-gap-default\">\n\t\t\t\t\t<div class=\"elementor-column elementor-col-100 elementor-inner-column elementor-element elementor-element-5455b8ab\" data-id=\"5455b8ab\" data-element_type=\"column\">\n\t\t\t<div class=\"elementor-widget-wrap elementor-element-populated\">\n\t\t\t\t\t\t<div class=\"elementor-element elementor-element-c2facf0 elementor-widget elementor-widget-heading\" data-id=\"c2facf0\" data-element_type=\"widget\" data-widget_type=\"heading.default\">\n\t\t\t\t<div class=\"elementor-widget-container\">\n\t\t\t\t\t<h3 class=\"elementor-heading-title elementor-size-default\">Zesp\u00f3\u0142 Rady Naukowej<\/h3>\t\t\t\t<\/div>\n\t\t\t\t<\/div>\n\t\t\t\t<div class=\"elementor-element elementor-element-1eb13eb4 elementor-widget elementor-widget-heading\" data-id=\"1eb13eb4\" data-element_type=\"widget\" data-widget_type=\"heading.default\">\n\t\t\t\t<div class=\"elementor-widget-container\">\n\t\t\t\t\t<h3 class=\"elementor-heading-title elementor-size-default\">Polskiego Stowarzyszenia Terapeut\u00f3w Terapii Skoncentrowanej na Rozwi\u0105zaniach<\/h3>\t\t\t\t<\/div>\n\t\t\t\t<\/div>\n\t\t\t\t<div class=\"elementor-element elementor-element-1f2f0aa3 elementor-widget-divider--view-line elementor-widget elementor-widget-divider\" data-id=\"1f2f0aa3\" data-element_type=\"widget\" data-widget_type=\"divider.default\">\n\t\t\t\t<div class=\"elementor-widget-container\">\n\t\t\t\t\t\t\t<div class=\"elementor-divider\">\n\t\t\t<span class=\"elementor-divider-separator\">\n\t\t\t\t\t\t<\/span>\n\t\t<\/div>\n\t\t\t\t\t\t<\/div>\n\t\t\t\t<\/div>\n\t\t\t\t<div class=\"elementor-element elementor-element-396687a7 elementor-widget elementor-widget-text-editor\" data-id=\"396687a7\" data-element_type=\"widget\" data-widget_type=\"text-editor.default\">\n\t\t\t\t<div class=\"elementor-widget-container\">\n\t\t\t\t\t\t\t\t\t<p><b>dr Anna Gulczy\u0144ska, Uniwersytet im. Adama Mickiewicza (przewodnicz\u0105ca Rady Naukowej)<\/b><\/p><p>dr hab. Teresa Zubrzycka-Maci\u0105g, prof. Uniwersytet im. Marii Curie-Sk\u0142odowskiej<br \/>dr Anita Rawa<br \/>dr hab. Anna Cierpka, Uniwersytet Warszawski<\/p>\t\t\t\t\t\t\t\t<\/div>\n\t\t\t\t<\/div>\n\t\t\t\t<div class=\"elementor-element elementor-element-eb6d413 elementor-widget elementor-widget-text-editor\" data-id=\"eb6d413\" data-element_type=\"widget\" data-widget_type=\"text-editor.default\">\n\t\t\t\t<div class=\"elementor-widget-container\">\n\t\t\t\t\t\t\t\t\t<p>Rada Naukowa PSTTSR jest jednym z organ\u00f3w opiniodawczych i doradczych Zarz\u0105du PSTTSR. Do zakresu jej dzia\u0142a\u0144 nale\u017cy, mi\u0119dzy innymi, promowanie czasopisma \u201eRozwi\u0105zania\u201d oraz opiniowanie wniosk\u00f3w o dotacje finansowe, na prowadzenie bada\u0144 naukowych lub prac rozwojowych s\u0142u\u017c\u0105cych rozwijaniu i upowszechnianiu podej\u015bcia skoncentrowanego na rozwi\u0105zaniach.<\/p><p>Rada Naukowa stworzy\u0142a r\u00f3wnie\u017c spis literatury w j\u0119zyku polskim zwi\u0105zanej z podej\u015bciem skoncentrowanym na rozwi\u0105zaniach, kt\u00f3ry jest dost\u0119pny na stronie internetowej Stowarzyszenia w zak\u0142adce <a href=\"https:\/\/psttsr.pl\/wp-content\/uploads\/2022\/07\/PSTTSR-Literatura-TSR.pdf\">LITERATURA<\/a>. Cz\u0142onkinie Rady Naukowej b\u0119d\u0105 uzupe\u0142nia\u0142y w\/w spis \u2013 licz\u0105c na aktywno\u015b\u0107 cz\u0142onk\u00f3w PSTTSR w zakresie informowania o nowo\u015bciach, wa\u017cnych artyku\u0142ach, czy interesuj\u0105cych sprawozdaniach.<\/p>\t\t\t\t\t\t\t\t<\/div>\n\t\t\t\t<\/div>\n\t\t\t\t<div class=\"elementor-element elementor-element-16ef78a elementor-widget elementor-widget-heading\" data-id=\"16ef78a\" data-element_type=\"widget\" data-widget_type=\"heading.default\">\n\t\t\t\t<div class=\"elementor-widget-container\">\n\t\t\t\t\t<h3 class=\"elementor-heading-title elementor-size-default\">Dotacje finansowe<\/h3>\t\t\t\t<\/div>\n\t\t\t\t<\/div>\n\t\t\t\t<div class=\"elementor-element elementor-element-602b007 elementor-widget-divider--view-line elementor-widget elementor-widget-divider\" data-id=\"602b007\" data-element_type=\"widget\" data-widget_type=\"divider.default\">\n\t\t\t\t<div class=\"elementor-widget-container\">\n\t\t\t\t\t\t\t<div class=\"elementor-divider\">\n\t\t\t<span class=\"elementor-divider-separator\">\n\t\t\t\t\t\t<\/span>\n\t\t<\/div>\n\t\t\t\t\t\t<\/div>\n\t\t\t\t<\/div>\n\t\t\t\t<div class=\"elementor-element elementor-element-97b4337 elementor-widget elementor-widget-text-editor\" data-id=\"97b4337\" data-element_type=\"widget\" data-widget_type=\"text-editor.default\">\n\t\t\t\t<div class=\"elementor-widget-container\">\n\t\t\t\t\t\t\t\t\t<p>Dotacje \u00a0przyznawane s\u0105 w oparciu o decyzj\u0119 Zarz\u0105du PSTTSR, po zasi\u0119gni\u0119ciu opinii Rady Naukowej. Celem przyznawanych dotacji jest rozwijanie, upowszechnianie i propagowanie podej\u015bcia skoncentrowanego na rozwi\u0105zaniach w teorii i praktyce terapeutycznej i edukacyjnej; pracy socjalnej, asystenturze rodzinnej, resocjalizacji, kurateli s\u0105dowej.<\/p><p>Dotacj\u0119 finansow\u0105 mog\u0105 otrzyma\u0107 tylko cz\u0142onkowie PST TSR, kt\u00f3rzy maj\u0105 uregulowane sk\u0142adki cz\u0142onkowskie. \u00a0Sk\u0142adaj\u0105c wniosek nale\u017cy korzysta\u0107 z dost\u0119pnych na stronie PSTTSR formularzy, pami\u0119taj\u0105c o wykonaniu skanu dokumentu zawieraj\u0105cego podpisy wnioskodawc\u00f3w. Wnioski sk\u0142ada\u0107 mo\u017cna raz w roku, dotacj\u0119 mo\u017ce otrzyma\u0107 wnioskodawca \/ wnioskodawcy raz na dwa lata, po spe\u0142nieniu wymaga\u0144 formalnych. Maksymalna wysoko\u015b\u0107 dotacji to 6000 z\u0142otych. \u015arodki finansowe b\u0119d\u0105 przesy\u0142ane na konto osoby kieruj\u0105cej projektem. Wnioskodawca zobowi\u0105zany jest przes\u0142a\u0107 drog\u0105 elektroniczn\u0105 na adres mailowy Rady Naukowej PSTTSR sprawozdanie z wykorzystanych \u015brodk\u00f3w wraz z kosztorysem i wymaganymi dokumentami potwierdzaj\u0105cymi wydatkowanie dotacji w ci\u0105gu dwunastu miesi\u0119cy od momentu uzyskania \u015brodk\u00f3w finansowych. W przypadku nierozliczenia si\u0119 z projektu w wyznaczonym terminie lub wydatkowania \u015brodk\u00f3w niezgodnie z ich przeznaczeniem wnioskodawca zobowi\u0105zany zwr\u00f3ci\u0107 otrzyman\u0105 dotacj\u0119 na konto Stowarzyszenia w terminie do czterech tygodni po up\u0142ywie czasu rozliczeniowego.<\/p><p>Wszystkie niezb\u0119dne formularze, a tak\u017ce regulaminy przyznawania dotacji s\u0105 dost\u0119pne poni\u017cej.<\/p><p><strong>Serdecznie zapraszamy do sk\u0142adania wniosk\u00f3w o dotacj\u0119, wsp\u00f3\u0142tworzenia \u201eRozwi\u0105za\u0144\u201d oraz wymiany informacji w zakresie pojawiaj\u0105cej si\u0119 literatury.<\/strong><\/p>\t\t\t\t\t\t\t\t<\/div>\n\t\t\t\t<\/div>\n\t\t\t\t<div class=\"elementor-element elementor-element-bda9e7c elementor-view-default elementor-position-block-start elementor-mobile-position-block-start elementor-widget elementor-widget-icon-box\" data-id=\"bda9e7c\" data-element_type=\"widget\" data-widget_type=\"icon-box.default\">\n\t\t\t\t<div class=\"elementor-widget-container\">\n\t\t\t\t\t\t\t<div class=\"elementor-icon-box-wrapper\">\n\n\t\t\t\t\t\t<div class=\"elementor-icon-box-icon\">\n\t\t\t\t<a href=\"https:\/\/psttsr.pl\/wp-content\/uploads\/2023\/07\/dokumentacja-grantu-naukowego-PSTTSR-1.docx\" class=\"elementor-icon\" tabindex=\"-1\" aria-label=\"Poznaj szczeg\u00f3\u0142y przyznawania grant\u00f3w naukowych PSTTSR\">\n\t\t\t\t<i aria-hidden=\"true\" class=\"far fa-file-word\"><\/i>\t\t\t\t<\/a>\n\t\t\t<\/div>\n\t\t\t\n\t\t\t\t\t\t<div class=\"elementor-icon-box-content\">\n\n\t\t\t\t\t\t\t\t\t<h3 class=\"elementor-icon-box-title\">\n\t\t\t\t\t\t<a href=\"https:\/\/psttsr.pl\/wp-content\/uploads\/2023\/07\/dokumentacja-grantu-naukowego-PSTTSR-1.docx\" >\n\t\t\t\t\t\t\tPoznaj szczeg\u00f3\u0142y przyznawania grant\u00f3w naukowych PSTTSR\t\t\t\t\t\t<\/a>\n\t\t\t\t\t<\/h3>\n\t\t\t\t\n\t\t\t\t\n\t\t\t<\/div>\n\t\t\t\n\t\t<\/div>\n\t\t\t\t\t\t<\/div>\n\t\t\t\t<\/div>\n\t\t\t\t\t<\/div>\n\t\t<\/div>\n\t\t\t\t\t<\/div>\n\t\t<\/section>\n\t\t\t\t\t<\/div>\n\t\t<\/div>\n\t\t\t\t\t<\/div>\n\t\t<\/section>\n\t\t\t\t<section class=\"elementor-section elementor-top-section elementor-element elementor-element-380cb734 elementor-section-full_width elementor-section-height-default elementor-section-height-default\" data-id=\"380cb734\" data-element_type=\"section\" data-settings=\"{&quot;background_background&quot;:&quot;classic&quot;,&quot;shape_divider_top&quot;:&quot;opacity-tilt&quot;,&quot;shape_divider_bottom&quot;:&quot;opacity-tilt&quot;}\">\n\t\t\t\t\t\t\t<div class=\"elementor-background-overlay\"><\/div>\n\t\t\t\t\t\t<div class=\"elementor-shape elementor-shape-top\" aria-hidden=\"true\" data-negative=\"false\">\n\t\t\t<svg xmlns=\"http:\/\/www.w3.org\/2000\/svg\" viewBox=\"0 0 2600 131.1\" preserveAspectRatio=\"none\">\n\t<path class=\"elementor-shape-fill\" d=\"M0 0L2600 0 2600 69.1 0 0z\"\/>\n\t<path class=\"elementor-shape-fill\" style=\"opacity:0.5\" d=\"M0 0L2600 0 2600 69.1 0 69.1z\"\/>\n\t<path class=\"elementor-shape-fill\" style=\"opacity:0.25\" d=\"M2600 0L0 0 0 130.1 2600 69.1z\"\/>\n<\/svg>\t\t<\/div>\n\t\t\t\t<div class=\"elementor-shape elementor-shape-bottom\" aria-hidden=\"true\" data-negative=\"false\">\n\t\t\t<svg xmlns=\"http:\/\/www.w3.org\/2000\/svg\" viewBox=\"0 0 2600 131.1\" preserveAspectRatio=\"none\">\n\t<path class=\"elementor-shape-fill\" d=\"M0 0L2600 0 2600 69.1 0 0z\"\/>\n\t<path class=\"elementor-shape-fill\" style=\"opacity:0.5\" d=\"M0 0L2600 0 2600 69.1 0 69.1z\"\/>\n\t<path class=\"elementor-shape-fill\" style=\"opacity:0.25\" d=\"M2600 0L0 0 0 130.1 2600 69.1z\"\/>\n<\/svg>\t\t<\/div>\n\t\t\t\t\t<div class=\"elementor-container elementor-column-gap-wide\">\n\t\t\t\t\t<div class=\"elementor-column elementor-col-100 elementor-top-column elementor-element elementor-element-44e1cbe0\" data-id=\"44e1cbe0\" data-element_type=\"column\">\n\t\t\t<div class=\"elementor-widget-wrap elementor-element-populated\">\n\t\t\t\t\t\t<section class=\"elementor-section elementor-inner-section elementor-element elementor-element-2dde4df4 elementor-section-boxed elementor-section-height-default elementor-section-height-default\" data-id=\"2dde4df4\" data-element_type=\"section\">\n\t\t\t\t\t\t<div class=\"elementor-container elementor-column-gap-default\">\n\t\t\t\t\t<div class=\"elementor-column elementor-col-100 elementor-inner-column elementor-element elementor-element-1e257f86\" data-id=\"1e257f86\" data-element_type=\"column\">\n\t\t\t<div class=\"elementor-widget-wrap elementor-element-populated\">\n\t\t\t\t\t\t<div class=\"elementor-element elementor-element-23e6b8c5 elementor-widget elementor-widget-spacer\" data-id=\"23e6b8c5\" data-element_type=\"widget\" data-widget_type=\"spacer.default\">\n\t\t\t\t<div class=\"elementor-widget-container\">\n\t\t\t\t\t\t\t<div class=\"elementor-spacer\">\n\t\t\t<div class=\"elementor-spacer-inner\"><\/div>\n\t\t<\/div>\n\t\t\t\t\t\t<\/div>\n\t\t\t\t<\/div>\n\t\t\t\t\t<\/div>\n\t\t<\/div>\n\t\t\t\t\t<\/div>\n\t\t<\/section>\n\t\t\t\t\t<\/div>\n\t\t<\/div>\n\t\t\t\t\t<\/div>\n\t\t<\/section>\n\t\t\t\t<\/div>\n\t\t","protected":false},"excerpt":{"rendered":"<p>RADA NAUKOWA Zesp\u00f3\u0142 Rady Naukowej Polskiego Stowarzyszenia Terapeut\u00f3w Terapii Skoncentrowanej na Rozwi\u0105zaniach dr Anna Gulczy\u0144ska, Uniwersytet im. Adama Mickiewicza (przewodnicz\u0105ca Rady Naukowej) dr hab. Teresa Zubrzycka-Maci\u0105g, prof. Uniwersytet im. Marii Curie-Sk\u0142odowskiejdr Anita Rawadr hab. Anna Cierpka, Uniwersytet Warszawski Rada Naukowa PSTTSR jest jednym z organ\u00f3w opiniodawczych i doradczych Zarz\u0105du PSTTSR. Do zakresu jej dzia\u0142a\u0144 nale\u017cy, [&hellip;]<\/p>\n","protected":false},"author":1,"featured_media":0,"parent":0,"menu_order":0,"comment_status":"closed","ping_status":"closed","template":"","meta":{"ocean_post_layout":"full-screen","ocean_both_sidebars_style":"","ocean_both_sidebars_content_width":0,"ocean_both_sidebars_sidebars_width":0,"ocean_sidebar":"0","ocean_second_sidebar":"0","ocean_disable_margins":"enable","ocean_add_body_class":"","ocean_shortcode_before_top_bar":"","ocean_shortcode_after_top_bar":"","ocean_shortcode_before_header":"","ocean_shortcode_after_header":"","ocean_has_shortcode":"","ocean_shortcode_after_title":"","ocean_shortcode_before_footer_widgets":"","ocean_shortcode_after_footer_widgets":"","ocean_shortcode_before_footer_bottom":"","ocean_shortcode_after_footer_bottom":"","ocean_display_top_bar":"off","ocean_display_header":"on","ocean_header_style":"","ocean_center_header_left_menu":"0","ocean_custom_header_template":"0","ocean_custom_logo":0,"ocean_custom_retina_logo":0,"ocean_custom_logo_max_width":0,"ocean_custom_logo_tablet_max_width":0,"ocean_custom_logo_mobile_max_width":0,"ocean_custom_logo_max_height":0,"ocean_custom_logo_tablet_max_height":0,"ocean_custom_logo_mobile_max_height":0,"ocean_header_custom_menu":"0","ocean_menu_typo_font_family":"0","ocean_menu_typo_font_subset":"","ocean_menu_typo_font_size":0,"ocean_menu_typo_font_size_tablet":0,"ocean_menu_typo_font_size_mobile":0,"ocean_menu_typo_font_size_unit":"px","ocean_menu_typo_font_weight":"","ocean_menu_typo_font_weight_tablet":"","ocean_menu_typo_font_weight_mobile":"","ocean_menu_typo_transform":"","ocean_menu_typo_transform_tablet":"","ocean_menu_typo_transform_mobile":"","ocean_menu_typo_line_height":0,"ocean_menu_typo_line_height_tablet":0,"ocean_menu_typo_line_height_mobile":0,"ocean_menu_typo_line_height_unit":"","ocean_menu_typo_spacing":0,"ocean_menu_typo_spacing_tablet":0,"ocean_menu_typo_spacing_mobile":0,"ocean_menu_typo_spacing_unit":"","ocean_menu_link_color":"","ocean_menu_link_color_hover":"","ocean_menu_link_color_active":"","ocean_menu_link_background":"","ocean_menu_link_hover_background":"","ocean_menu_link_active_background":"","ocean_menu_social_links_bg":"","ocean_menu_social_hover_links_bg":"","ocean_menu_social_links_color":"","ocean_menu_social_hover_links_color":"","ocean_disable_title":"on","ocean_disable_heading":"default","ocean_post_title":"","ocean_post_subheading":"","ocean_post_title_style":"","ocean_post_title_background_color":"","ocean_post_title_background":0,"ocean_post_title_bg_image_position":"","ocean_post_title_bg_image_attachment":"","ocean_post_title_bg_image_repeat":"","ocean_post_title_bg_image_size":"","ocean_post_title_height":0,"ocean_post_title_bg_overlay":0.5,"ocean_post_title_bg_overlay_color":"","ocean_disable_breadcrumbs":"default","ocean_breadcrumbs_color":"","ocean_breadcrumbs_separator_color":"","ocean_breadcrumbs_links_color":"","ocean_breadcrumbs_links_hover_color":"","ocean_display_footer_widgets":"default","ocean_display_footer_bottom":"default","ocean_custom_footer_template":"0","footnotes":""},"class_list":["post-1091","page","type-page","status-publish","hentry","entry"],"yoast_head":"<!-- This site is optimized with the Yoast SEO plugin v26.7 - https:\/\/yoast.com\/wordpress\/plugins\/seo\/ -->\n<title>RADA NAUKOWA - PSTTSR<\/title>\n<meta name=\"robots\" content=\"index, follow, max-snippet:-1, max-image-preview:large, max-video-preview:-1\" \/>\n<link rel=\"canonical\" href=\"https:\/\/psttsr.pl\/?page_id=1091\" \/>\n<meta property=\"og:locale\" content=\"pl_PL\" \/>\n<meta property=\"og:type\" content=\"article\" \/>\n<meta property=\"og:title\" content=\"RADA NAUKOWA - PSTTSR\" \/>\n<meta property=\"og:description\" content=\"RADA NAUKOWA Zesp\u00f3\u0142 Rady Naukowej Polskiego Stowarzyszenia Terapeut\u00f3w Terapii Skoncentrowanej na Rozwi\u0105zaniach dr Anna Gulczy\u0144ska, Uniwersytet im. Adama Mickiewicza (przewodnicz\u0105ca Rady Naukowej) dr hab. Teresa Zubrzycka-Maci\u0105g, prof. Uniwersytet im. Marii Curie-Sk\u0142odowskiejdr Anita Rawadr hab. Anna Cierpka, Uniwersytet Warszawski Rada Naukowa PSTTSR jest jednym z organ\u00f3w opiniodawczych i doradczych Zarz\u0105du PSTTSR. Do zakresu jej dzia\u0142a\u0144 nale\u017cy, [&hellip;]\" \/>\n<meta property=\"og:url\" content=\"https:\/\/psttsr.pl\/?page_id=1091\" \/>\n<meta property=\"og:site_name\" content=\"PSTTSR\" \/>\n<meta property=\"article:modified_time\" content=\"2025-02-27T07:35:13+00:00\" \/>\n<meta property=\"og:image\" content=\"https:\/\/psttsr.pl\/wp-content\/uploads\/2021\/12\/strona-glowna_Easy-Resize.com_.jpg\" \/>\n\t<meta property=\"og:image:width\" content=\"1280\" \/>\n\t<meta property=\"og:image:height\" content=\"631\" \/>\n\t<meta property=\"og:image:type\" content=\"image\/jpeg\" \/>\n<meta name=\"twitter:card\" content=\"summary_large_image\" \/>\n<meta name=\"twitter:label1\" content=\"Szacowany czas czytania\" \/>\n\t<meta name=\"twitter:data1\" content=\"3 minuty\" \/>\n<script type=\"application\/ld+json\" class=\"yoast-schema-graph\">{\"@context\":\"https:\/\/schema.org\",\"@graph\":[{\"@type\":\"WebPage\",\"@id\":\"https:\/\/psttsr.pl\/?page_id=1091\",\"url\":\"https:\/\/psttsr.pl\/?page_id=1091\",\"name\":\"RADA NAUKOWA - PSTTSR\",\"isPartOf\":{\"@id\":\"https:\/\/psttsr.pl\/#website\"},\"datePublished\":\"2021-10-28T22:10:50+00:00\",\"dateModified\":\"2025-02-27T07:35:13+00:00\",\"breadcrumb\":{\"@id\":\"https:\/\/psttsr.pl\/?page_id=1091#breadcrumb\"},\"inLanguage\":\"pl-PL\",\"potentialAction\":[{\"@type\":\"ReadAction\",\"target\":[\"https:\/\/psttsr.pl\/?page_id=1091\"]}]},{\"@type\":\"BreadcrumbList\",\"@id\":\"https:\/\/psttsr.pl\/?page_id=1091#breadcrumb\",\"itemListElement\":[{\"@type\":\"ListItem\",\"position\":1,\"name\":\"Strona g\u0142\u00f3wna\",\"item\":\"https:\/\/psttsr.pl\/\"},{\"@type\":\"ListItem\",\"position\":2,\"name\":\"RADA NAUKOWA\"}]},{\"@type\":\"WebSite\",\"@id\":\"https:\/\/psttsr.pl\/#website\",\"url\":\"https:\/\/psttsr.pl\/\",\"name\":\"PSTTSR\",\"description\":\"Kolejna witryna oparta na WordPressie\",\"publisher\":{\"@id\":\"https:\/\/psttsr.pl\/#organization\"},\"potentialAction\":[{\"@type\":\"SearchAction\",\"target\":{\"@type\":\"EntryPoint\",\"urlTemplate\":\"https:\/\/psttsr.pl\/?s={search_term_string}\"},\"query-input\":{\"@type\":\"PropertyValueSpecification\",\"valueRequired\":true,\"valueName\":\"search_term_string\"}}],\"inLanguage\":\"pl-PL\"},{\"@type\":\"Organization\",\"@id\":\"https:\/\/psttsr.pl\/#organization\",\"name\":\"PSTTSR\",\"url\":\"https:\/\/psttsr.pl\/\",\"logo\":{\"@type\":\"ImageObject\",\"inLanguage\":\"pl-PL\",\"@id\":\"https:\/\/psttsr.pl\/#\/schema\/logo\/image\/\",\"url\":\"https:\/\/psttsr.pl\/wp-content\/uploads\/2021\/10\/cropped-logo.png\",\"contentUrl\":\"https:\/\/psttsr.pl\/wp-content\/uploads\/2021\/10\/cropped-logo.png\",\"width\":255,\"height\":137,\"caption\":\"PSTTSR\"},\"image\":{\"@id\":\"https:\/\/psttsr.pl\/#\/schema\/logo\/image\/\"}}]}<\/script>\n<!-- \/ Yoast SEO plugin. -->","yoast_head_json":{"title":"RADA NAUKOWA - PSTTSR","robots":{"index":"index","follow":"follow","max-snippet":"max-snippet:-1","max-image-preview":"max-image-preview:large","max-video-preview":"max-video-preview:-1"},"canonical":"https:\/\/psttsr.pl\/?page_id=1091","og_locale":"pl_PL","og_type":"article","og_title":"RADA NAUKOWA - PSTTSR","og_description":"RADA NAUKOWA Zesp\u00f3\u0142 Rady Naukowej Polskiego Stowarzyszenia Terapeut\u00f3w Terapii Skoncentrowanej na Rozwi\u0105zaniach dr Anna Gulczy\u0144ska, Uniwersytet im. Adama Mickiewicza (przewodnicz\u0105ca Rady Naukowej) dr hab. Teresa Zubrzycka-Maci\u0105g, prof. Uniwersytet im. Marii Curie-Sk\u0142odowskiejdr Anita Rawadr hab. Anna Cierpka, Uniwersytet Warszawski Rada Naukowa PSTTSR jest jednym z organ\u00f3w opiniodawczych i doradczych Zarz\u0105du PSTTSR. Do zakresu jej dzia\u0142a\u0144 nale\u017cy, [&hellip;]","og_url":"https:\/\/psttsr.pl\/?page_id=1091","og_site_name":"PSTTSR","article_modified_time":"2025-02-27T07:35:13+00:00","og_image":[{"width":1280,"height":631,"url":"https:\/\/psttsr.pl\/wp-content\/uploads\/2021\/12\/strona-glowna_Easy-Resize.com_.jpg","type":"image\/jpeg"}],"twitter_card":"summary_large_image","twitter_misc":{"Szacowany czas czytania":"3 minuty"},"schema":{"@context":"https:\/\/schema.org","@graph":[{"@type":"WebPage","@id":"https:\/\/psttsr.pl\/?page_id=1091","url":"https:\/\/psttsr.pl\/?page_id=1091","name":"RADA NAUKOWA - PSTTSR","isPartOf":{"@id":"https:\/\/psttsr.pl\/#website"},"datePublished":"2021-10-28T22:10:50+00:00","dateModified":"2025-02-27T07:35:13+00:00","breadcrumb":{"@id":"https:\/\/psttsr.pl\/?page_id=1091#breadcrumb"},"inLanguage":"pl-PL","potentialAction":[{"@type":"ReadAction","target":["https:\/\/psttsr.pl\/?page_id=1091"]}]},{"@type":"BreadcrumbList","@id":"https:\/\/psttsr.pl\/?page_id=1091#breadcrumb","itemListElement":[{"@type":"ListItem","position":1,"name":"Strona g\u0142\u00f3wna","item":"https:\/\/psttsr.pl\/"},{"@type":"ListItem","position":2,"name":"RADA NAUKOWA"}]},{"@type":"WebSite","@id":"https:\/\/psttsr.pl\/#website","url":"https:\/\/psttsr.pl\/","name":"PSTTSR","description":"Kolejna witryna oparta na WordPressie","publisher":{"@id":"https:\/\/psttsr.pl\/#organization"},"potentialAction":[{"@type":"SearchAction","target":{"@type":"EntryPoint","urlTemplate":"https:\/\/psttsr.pl\/?s={search_term_string}"},"query-input":{"@type":"PropertyValueSpecification","valueRequired":true,"valueName":"search_term_string"}}],"inLanguage":"pl-PL"},{"@type":"Organization","@id":"https:\/\/psttsr.pl\/#organization","name":"PSTTSR","url":"https:\/\/psttsr.pl\/","logo":{"@type":"ImageObject","inLanguage":"pl-PL","@id":"https:\/\/psttsr.pl\/#\/schema\/logo\/image\/","url":"https:\/\/psttsr.pl\/wp-content\/uploads\/2021\/10\/cropped-logo.png","contentUrl":"https:\/\/psttsr.pl\/wp-content\/uploads\/2021\/10\/cropped-logo.png","width":255,"height":137,"caption":"PSTTSR"},"image":{"@id":"https:\/\/psttsr.pl\/#\/schema\/logo\/image\/"}}]}},"_links":{"self":[{"href":"https:\/\/psttsr.pl\/index.php?rest_route=\/wp\/v2\/pages\/1091","targetHints":{"allow":["GET"]}}],"collection":[{"href":"https:\/\/psttsr.pl\/index.php?rest_route=\/wp\/v2\/pages"}],"about":[{"href":"https:\/\/psttsr.pl\/index.php?rest_route=\/wp\/v2\/types\/page"}],"author":[{"embeddable":true,"href":"https:\/\/psttsr.pl\/index.php?rest_route=\/wp\/v2\/users\/1"}],"replies":[{"embeddable":true,"href":"https:\/\/psttsr.pl\/index.php?rest_route=%2Fwp%2Fv2%2Fcomments&post=1091"}],"version-history":[{"count":6,"href":"https:\/\/psttsr.pl\/index.php?rest_route=\/wp\/v2\/pages\/1091\/revisions"}],"predecessor-version":[{"id":6432,"href":"https:\/\/psttsr.pl\/index.php?rest_route=\/wp\/v2\/pages\/1091\/revisions\/6432"}],"wp:attachment":[{"href":"https:\/\/psttsr.pl\/index.php?rest_route=%2Fwp%2Fv2%2Fmedia&parent=1091"}],"curies":[{"name":"wp","href":"https:\/\/api.w.org\/{rel}","templated":true}]}}